a - 5. Let s be f(-2). Let h = s - 87. Suppose 3*j - 16 = -h. Calculate g(j).
-10
Let y(o) = -38*o**2 + 24*o - 1. Let k(v) = -113*v**2 + 64*v - 3. Let p(w) = 3*k(w) - 8*y(w). Suppose -3*j = -j - 2. Calculate p(j).
-36
Let l(x) = 15*x + 1. Let w(z) = 7*z**2 + 30*z - 27. Let n be w(-5). What is l(n)?
-29
Suppose 0 = 4*t - 2*b - 22, 14*t + 4*b = 11*t - 11. Suppose -33 = -t*h - 0*x + 3*x, -27 = -2*h + 3*x. Let d(o) = o**2 - o - 5. Give d(h).
25
Let l be 4*(20/5 + 1 + -3). Let x(j) = 2*j**3 - 7 - 6 + 17 + j - l*j**2. Give x(4).
8
Let c(o) = -831*o + 8. Let i(t) = -1454*t + 16. Let u(v) = 7*c(v) - 4*i(v). Give u(1).
-9
Let z(r) = 2*r**2 + 9*r + 3. Let d be z(-5). Let w be 37/(-4) - (-2)/d. Let o(j) = -7*j - 2 - j - j**2 + 4. Determine o(w).
-7
Let s(a) = a**3 + 5*a**2 - 6*a - 3. Let l be s(-6). Let v(h) be the third derivative of h**6/60 + h**5/20 - h**4/12 - h**3/2 + 167046*h**2. Calculate v(l).
-24
Suppose 0 = -2*q - r + 134, q - 4*r - 292 = -3*q. Let s = q + -48. Let w(u) = 55 - 18 + u - s - 13. What is w(5)?
8
Let o(y) be the first derivative of 0*y + 1/12*y**4 + 0*y**2 - 3 + 13/3*y**3 - 1/120*y**5. Let w(a) be the third derivative of o(a). Determine w(2).
0
Let d(y) = y**2 - 108*y + 1. Let b(i) = -i**2 + 122*i + 1. Let m(r) = 7*b(r) + 8*d(r). Determine m(5).
-10
Let y(a) = 8*a**2 + 48*a + 31. Let d(o) = o**2 + 8*o + 2. Let p(g) = -7*d(g) + y(g). Give p(6).
5
Let c(j) = 7*j - 7. Let k(u) = -20*u + 22. Suppose -w + 20 = 4*w. Let d(h) = w*k(h) + 11*c(h). Let s(f) = 2*f - 10. Let b(r) = -3*d(r) - 4*s(r). Calculate b(6).
13
Let k(q) = 3*q + 0*q**3 + q**3 + 9*q**2 + 325 - 929 + 322 + 304. Give k(-9).
-5
Let l(g) = -54*g + 260. Let v = -2279 - -2284. Determine l(v).
-10
Let x be 3 + -4 + (3 - 0/2). Suppose 4*f + w - 3*w - 32 = 0, 3*f + x*w = 10. Let q(u) = -4*u + 3. Calculate q(f).
-21
Suppose 15 = -l + 5*c, -4*c = 4*l - 0*c - 12. Suppose l = 4*d - o + 2, -6 = -d + 6*o - 9*o. Let s(w) = w + 3*w - 16 + w**2 - 5*w. Determine s(d).
-16
Suppose 4*c - 3122 = -2*p, 0 = 8*c - 7*c + 3*p - 788. Let w = c - 781. Let q(n) = 3*n**3 - n**2. Give q(w).
-28
Let z(q) = 3*q**2 - 290*q - 578. Let i be z(-2). Let c(p) = p**3 - 13*p**2 - 11*p + 14. Calculate c(i).
56
Let w = 14281 - 14274. Let s be (6/(-4))/(2/(-4)). Let m(y) = 3 + s*y - 6*y + 4*y. Calculate m(w).
10
Let l(q) = q + 10. Let v be 11/4*2 + 9/(-6). Suppose v*r - 4*n = 56, n - 1 = -r + 3. What is l(r)?
19
Let w(o) = o**2 + 3*o + 110. Let z be w(12). Let m(s) = z - 145 + 8*s - 140. What is m(-6)?
-43
Let v(n) = -16*n - 7*n - 15*n + 41*n - 10*n + 186. Determine v(27).
-3
Let x = 14 - 13. Suppose 8 = -2*v + 4*n - 2, 5*v = -3*n + x. Let t(q) be the third derivative of q**4/12 + q**3/6 - 26*q**2. Calculate t(v).
-1
Let n(d) be the first derivative of -d**4/4 + 43*d**3/3 + 41*d**2/2 + 122*d + 6211. What is n(44)?
-10
Let n(w) = -w. Let j(v) be the second derivative of -v**3/2 + v**2/2 + 27*v. Let r(p) = 2*j(p) - 5*n(p). Let z be (-50)/5*(-1)/2. What is r(z)?
-3
Let i(j) = -8*j + 172. Let p be i(22). Let u be p/18 + (-1064)/(-252). Let n(s) = -s - 1. Let d(w) = -5*w - 4. Let z(x) = -2*d(x) + 9*n(x). What is z(u)?
3
Let s(h) = 14*h**2 + 7*h + 5. Let r = -1 + 18. Let f be 1*1*(-30)/5. Let g(c) = 41*c**2 + 20*c + 14. Let q(u) = f*g(u) + r*s(u). Give q(1).
-8
Let p(o) = o**2 + 145*o - 5870. Let t be p(33). Let n(h) = -3*h**2 - 7 + 3*h**3 - 2*h**3 - 1. Calculate n(t).
8
Let d(a) = -13*a + 164. Suppose 27*b - 4806 + 4482 = 0. Calculate d(b).
8
Let u(g) = 24*g**2 + g - 7. Let b be u(0). Let p(w) be the third derivative of w**4/12 - w**3/3 + 15*w**2. Calculate p(b).
-16
Let k = -20 + 2. Let a be -2 - k/8 - (-21)/12. Let m(o) be the second derivative of 2*o**3/3 - o**2 + 10*o. What is m(a)?
6
Let b(g) = -g**3 + 8*g**2 - 10*g + 10. Let l(y) = y**2 + 3. Let s(v) = -54*v**2 - v - 2. Let d be s(-1). Let m = 53 + d. Let j be l(m). Calculate b(j).
-11
Let r(u) = -u**2 + 3*u + 815. Let m be r(-27). Let q(l) = 2*l**2 - 15*l + 23. Give q(m).
-2
Let b(w) be the third derivative of w**4/6 - 27*w**3 + 10081*w**2. Give b(31).
-38
Let s = -547 + 550. Let r(l) = l**2 - l + 3. Let g(a) = -4*a**2 - 9*a + 4. Let z(c) = s*r(c) + g(c). What is z(-13)?
0
Suppose -174 = -94*v - 254 - 484. Let l(z) = -2*z**3 - 12*z**2 + 4*z + 29. Determine l(v).
5
Let g be (45/10)/(-9)*-30. Suppose -5*v - g = 5*p, -p - 4 = p. Let q be -1 + (-5 - -4)*v. Let z(j) = -j**3 - 4. Calculate z(q).
-4
Suppose 5*n + 1048 = 3*m, -4*n + 599 - 244 = m. Let a = m + -353. Let s(g) = 2*g - 3. Give s(a).
-7
Let a(c) = c**3 + 5*c**2 + 3*c - 1. Suppose 4*j = y - 15 - 1, -y - 2*j + 10 = 0. Let q be 6/(-3 + 18/y). Let i be ((1 - q) + -3)/(3/(-6)). Give a(i).
3
Let j(r) = r**2 - 12*r + 14. Let n(y) = y + 3. Let w be n(5). Suppose 26*s + 225 = 11*s. Let c be (s/(-2))/(6*1/w). What is j(c)?
-6
Let j(s) = s**3 - 10*s**2 - 50*s + 455. Let u be j(6). Let t(p) be the first derivative of -1/2*p**2 - u - 6*p. Give t(-5).
-1
Let x be (-36938)/(-165) - 1/(-30)*4. Let w = x - 231. Let l(a) = a**2 + 5*a - 3. Let h(g) = -2*g**2 - 11*g + 5. Let t(o) = -3*h(o) - 5*l(o). Calculate t(w).
-7
Suppose v = -2*l + 7, 17*l - 19*l + 2*v = -28. Let j(g) = -g**3 + 6*g**2 - 6*g + 3. What is j(l)?
-88
Let o(m) = -m**3 - 9*m**2 - m + 1. Let r(k) = 5*k - 122. Let h be r(20). Let f = h + 13. What is o(f)?
10
Let q(v) = 6*v + 1237 - v - 2445 - 12*v + 1228. Calculate q(4).
-8
Let s(p) be the second derivative of p**4/12 - 4*p**3/3 + p**2 - 8741*p. What is s(-6)?
86
Let q be 0/(78/(-65) + 41/5). Let n(g) = -g**2 - g + 53. What is n(q)?
53
Let g(p) = 7*p. Suppose -4*b - 89 = 4*s + b, 7 = -2*s + 5*b. Let x be 51/(-68)*68/3. Let c = x - s. Give g(c).
-7
Let u(c) be the second derivative of -c**5/20 + c**3/6 + 2*c**2 - 8*c. Let z = -63 - -64. Let i be 0*(2 - z)*(-6)/12. Calculate u(i).
4
Let c(o) = -o**2 + 6*o + 2. Let n(i) = 2*i**2 - 36*i + 42. Let s be 4 + 90/5 + -5. Let p be n(s). Give c(p).
-14
Let l(a) be the second derivative of a**5/20 - 7*a**4/12 - a**3/6 + 5*a**2 + 16*a. Suppose -4*j + 19 = -9. Give l(j).
3
Let c be 51648/108 + 2/(-9). Let a(g) = -243*g + c*g - 240*g - 2. What is a(-4)?
18
Let r(g) = -g**3 - g**2 + 4. Let v be r(-2). Let k be (4 - (-70)/(-15)) + (-22)/(-6). Let h(x) = k - 1 - x + 4. Calculate h(v).
-2
Let q(a) = -10*a + 3*a**2 + 3*a**2 - 3*a**2 - 4*a**2 + 23. Let h be q(-11). Let s(w) = -h*w + 18*w - 8*w. Calculate s(-4).
8
Let r(k) be the second derivative of k**4/4 - k**2/2 + k. Let x be 152/(-950)*25/(-2). Give r(x).
11
Let q(v) = -6*v - 10. Let g(o) = -3*o - 5. Let d(r) = 11*g(r) - 6*q(r). Suppose -5*t = -15, b = -2*t + 10 - 0. Calculate d(b).
17
Let a(h) = 3*h + 144. Let d(q) = q + 103. Let z(n) = -5*a(n) + 8*d(n). Calculate z(17).
-15
Suppose 4*o - k = 9, 0 = 2*o - 4*o - 2*k + 12. Suppose -15 = t + o*m + 5, -2*m = 10. Let a(v) = -v**3 - 5*v**2 - 3*v + 4. Give a(t).
19
Let h(b) = 4*b**2 - 149*b + 7. Let q(j) = 6*j**2 - 217*j + 10. Let v(w) = -13*h(w) + 9*q(w). What is v(8)?
-1
Let r(g) = 4*g + 2. Let c be r(-2). Suppose -58*h + 45*h + 533 = 0. Let s(t) = 3*t**2 + h + 2*t**2 - 35 - 6*t**2 - 6*t. What is s(c)?
6
Let i be -7 - (1 + -7) - (-1 - 0). Let c(g) = -14*g**2 - 13*g + 197. Let a(p) = 5*p**2 + 5*p - 71. Let v(z) = 11*a(z) + 4*c(z). Give v(i).
7
Suppose -7 = -3*f + 8. Suppose -4*v + f*o = -28, 4*o + 11 = -4*v + 3. Let i(q) = 5*q + 18 + 3*q**2 - 2*q**v - 13. What is i(-5)?
5
Let a(c) = c**3 + 15*c**2 + 26*c. Let p be a(-13). Let n be ((-4)/6 + (-63)/(-135))*p. Let b(y) = -y**2 - y - 9. Give b(n).
-9
Let g(f) = f**3 - 8*f**2 + 6*f. Suppose -t - 127 = -129. Suppose t*o = v - 0*o - 7, 5*v + 3*o - 35 = 0. Calculate g(v).
-7
Let p(z) = -z**3 + 26*z**2 + z - 23. Suppose -4*d = -5*h + 138, -14*d = -3*h - 11*d + 84. Give p(h).
3
Suppose -h + 55*r = 58*r - 28, 0 = -7*h - 5*r + 68. Let f(x) = -2*x + 4*x**3 - 6*x**3 + 3*x**3 + 6 - 4*x**2. Determine f(h).
-2
Let r = 2297 - 2301. Let w(i) = -i**3 - i**2 - i. Let h(s) = -s**3 + s**2 - 6*s - 1. Suppose 2*g + 6 = -g. Let x(y) = g*w(y) + h(y). What is x(r)?
-1
Let q(i) = -63*i + 17. Let a(m) = 74*m - 20. Let s(g) = -6*a(g) - 7*q(g). Calculate s(17).
-50
Suppose -4*a - 18 = -9*c + 7*c, 0 = 2*c - 3*a - 15. Suppose -2*q = c*q - 10. Let b(s) = -12*s + 2. What is b(q)?
-22
Let r(c) = c - 7. Let u(d) = -5*d + 16. Let x(g) = -4*r(g) - u(g). What is x(4)?
16
L